3. What are the prime factors of y(o)?
2, 331
Let l(z) = 287*z - 234. Let v(i) = 143*i - 116. Let w(h) = 6*l(h) - 13*v(h). List the prime factors of w(-14).
2, 3, 337
Let w = -15976 - -34239. What are the prime factors of w?
7, 2609
Let g be 4/((-63)/13 + (21 - 16)). Suppose 17*a + 2997 = g*a. What are the prime factors of a?
3, 37
Let a be (-4)/(4/808*4). Let b = 43 + -34. List the prime factors of (a/(-8))/(b/36).
101
Suppose 28*t = 199540 + 201071 + 73429. List the prime factors of t.
2, 5, 1693
Let y be (-1)/(-2)*(0 + 0)/4. Suppose y = -4*t + 5*v + 5360, -4*t - 3*v = -8*t + 5352. What are the prime factors of t?
3, 5, 89
Let k(w) = -1 + 3*w**2 + 1 + 3*w - 54*w**3. Suppose -757*h = 3*j - 762*h + 28, -2*j = -4*h + 22. List the prime factors of k(j).
2, 3
Suppose 334 + 370 = 11*m. Let k = m + -59. Suppose -2*i - 3*c = -118, -2*i - k*c = -i - 52. List the prime factors of i.
2, 31
Suppose 8*b - 221 = 11. Suppose -589 = -b*o + 4225. List the prime factors of o.
2, 83
Let d = 197 - 51. Suppose -g = -d + 4. Suppose 0 = -r + u + 102, -574 = -4*r - 2*u - g. What are the prime factors of r?
2, 53
Suppose -2*k + 2 + 4 = 0. Suppose -k*d = -1 - 2, -2*j - 5*d = -7. What are the prime factors of ((-1)/2)/(j/(-122))?
61
Suppose 130*n - 60*n - 702450 = 0. List the prime factors of n.
3, 5, 223
Suppose -4*o - 60468 = -4*u, -3*u - 22642 = -o - 68001. What are the prime factors of u?
15121
Suppose 11842 = 3*q - 2*k, -5*k = -4*k - 4. List the prime factors of q.
2, 5, 79
Let g(n) = -10*n - 97. Suppose 78 = -21*c + 18*c. List the prime factors of g(c).
163
Suppose -t - 8 = 0, 0 = -17*j + 20*j + 2*t - 208010. List the prime factors of j.
2, 3, 7, 13, 127
Suppose -315*f + 310*f = -4*y - 100738, -80576 = -4*f - 4*y. List the prime factors of f.
2, 7, 1439
Suppose 1720 = 6*s - 7688. Suppose -5672 = -9*j - s. List the prime factors of j.
2, 3, 19
Suppose -b - 9677 = 4*s, 0 = -5*s - b - 10976 - 1121. Let u = -1720 - s. Suppose -2*t - 342 = -4*t + o, 4*t = -2*o + u. What are the prime factors of t?
173
Let l be 177*1*(-520)/(-60). Suppose -2*c + l = 580. List the prime factors of c.
3, 53
Let f = -16567 - -32026. List the prime factors of f.
3, 5153
Suppose -2*f + 4*y = -7866, 4*f = -5*y + 3*y + 15762. Suppose -w + 1748 = -4*x, -4*w - x + f = -3053. What are the prime factors of w?
2, 19, 23
Let d(p) = 122*p + 2. Let s be (-20)/30 - 5/(-3). Let a be d(s). Suppose -10*l = -a - 606. List the prime factors of l.
73
Suppose 0 = -2*y + 10 + 14. Let r be (-11)/(-1 - 0) - 1. Suppose -r*b + 16*b = y. What are the prime factors of b?
2
Suppose 127*c - 114*c - 38468 = 92637. List the prime factors of c.
5, 2017
Suppose 2*g = -5*d + 55458, -2*d + 4*g + 6963 = -15201. List the prime factors of d.
2, 5, 1109
Let h(k) = 5*k + 6. Let w be h(-2). Let m = w + 6. Suppose 8 + 12 = m*b. What are the prime factors of b?
2, 5
Let x = 305 + -314. What are the prime factors of 2/((-173230)/19250 - x)?
5, 7, 11
Let p(d) = 15*d**2 - 29*d - 184. What are the prime factors of p(-12)?
2, 7, 83
Suppose -2*h + k + 0*k = 636, 4*h - 4*k = -1276. Let w = h + 580. List the prime factors of w.
263
Suppose -1478*o - 31414 = -f - 1480*o, 0 = -2*f - 2*o + 62838. List the prime factors of f.
2, 491
Let w be (-3*(-3)/9)/(4/164). Let l = -38 + w. Suppose -336 = -3*m - 5*i + 6, 4*i = l*m - 315. What are the prime factors of m?
109
Let z(f) = -f**2 + 9*f. Let i be z(4). Suppose i*v - 748 = 18*v. List the prime factors of v.
2, 11, 17
Suppose 28 - 364 = 3*c. Let a = c + 500. Suppose 18*k + a = 22*k. What are the prime factors of k?
97
Let g = -86 + 105. Suppose 692 - 2440 = -g*m. List the prime factors of m.
2, 23
Let v(y) = -y**3 - 2*y**2 - 17. Let r = 328 - 335. List the prime factors of v(r).
2, 3, 19
Let g = 932 - 506. Suppose -93 + g = 9*v. What are the prime factors of v?
37
Let y be (36/(-15) + 6/15)/(-1). What are the prime factors of 1*1/y*(-18460)/(-13)?
2, 5, 71
Suppose 5*z - 233 = -4*q, -2*q - 104 = -5*z + 117. Suppose -4*n = z - 65. Suppose -474 = -n*s - 99. What are the prime factors of s?
3, 5
Suppose -5*u + 30 = 5*v, -4*u + 3*v = -5*u + 12. Let o(k) = k**3 + 4*k**2 - 3*k - 6. Let m be o(-4). List the prime factors of u/m*(-116)/(-2).
29
Let t(c) = 34*c**2 + 4*c + 73. Let j be t(-6). List the prime factors of j + 3/3 + -4.
2, 5, 127
Suppose 0 = -j + 5*f + 18, -4*f = -j + 14 + 1. Suppose -j*q + 5 = -22. Suppose -q*s + 42 = -390. List the prime factors of s.
2, 3
Suppose 4*w = -4*f - 2084, -f - 768 = 2*w - 251. Let u = 353 + f. List the prime factors of u/(-3)*33/22.
2, 43
Suppose -15*f - 4*f - 7486 = 0. Let x = f + 559. What are the prime factors of x?
3, 5, 11
Let w(r) = 50*r - 39. Let d = 262 - 253. What are the prime factors of w(d)?
3, 137
Suppose -4*a = -t - 39286, 4*a - 13*t - 39292 = -9*t. What are the prime factors of a?
7, 23, 61
Let k(g) = 3*g + 14. Suppose 46 = -8*l + 6. Let j be k(l). What are the prime factors of 4/(-2)*-4 + 3 + j?
2, 5
Suppose 4*c - 8*c + 108 = 0. Let h = 46 - c. Suppose 0 = 4*g - 317 - h. List the prime factors of g.
2, 3, 7
Suppose 53 - 1 = 4*z - j, -2*z + 5*j + 26 = 0. Suppose -41 = -6*t + z. List the prime factors of t.
3
Let i be (-2 - -3)*(2 - -1). Suppose -2*u + 72 = -4*t, i*u - 3*t + 4*t = 129. What are the prime factors of (-12)/u - 690/(-14)?
7
List the prime factors of 552789/45 - ((-112)/35)/4.
3, 5, 7, 13
Let d be 3 + (-6)/(-3 - -1). List the prime factors of (56/d - -6)*12.
2, 23
Let h be 19/76 - (-794)/8*43. Suppose 5*a + 4*i = 5*i + 4283, -4*i = 5*a - h. Suppose -590 = -4*b + q, 129 - a = -5*b - 4*q. List the prime factors of b.
3, 7
Let j(h) = 2*h**3 - 208*h**2 + 66*h + 184. What are the prime factors of j(104)?
2, 881
Let w be (-2)/13 + 47436/78. Suppose -5*x + 3*x = -w. Suppose -4*n = -4*s - x, 3*n - 2*n = -4*s + 61. List the prime factors of n.
73
Let i(d) = 30*d - 33. Let h be i(4). Suppose g = -5*b + 490, 3*b - h = 3*g + 189. Let t = -4 + b. What are the prime factors of t?
3, 31
Let h be (-12)/(-18) - 119/3. Let q = -25 - h. What are the prime factors of ((-7)/(q/(-66)))/1?
3, 11
Suppose 3*q - 287 = 10*q. Let s = 56 + q. List the prime factors of s.
3, 5
Let v = 23441 - -16316. What are the prime factors of v?
83, 479
Let q(p) = -p**3 + 7*p**2 - 8*p - 3. Let h be q(5). Let z(g) = 202*g - 233. List the prime factors of z(h).
1181
What are the prime factors of (-9 + -92*4/(-40))*(26007 + -2)?
7, 743
Suppose -145 = 4*o - 5*o. Let i = -554 + 780. Let v = i - o. List the prime factors of v.
3
Suppose -5*w + 19 = -1. Let k(c) = -c**2 - c**3 - 2*c**2 + 2*c - 4 + w*c**2. List the prime factors of k(-4).
2, 17
Let w = 12573 - 3193. What are the prime factors of w?
2, 5, 7, 67
Let a = -88 + 91. Suppose x + t = 109, a*t - 14 + 347 = 3*x. What are the prime factors of x?
2, 5, 11
Let c = -16691 - -17725. What are the prime factors of c?
2, 11, 47
Let h(g) = 9*g + 10. Let n be h(-4). Let c = n + 30. Suppose -c*k + 36 = -0*p + p, -4*k = -p + 36. List the prime factors of p.
2, 3
Let t be (-14 + -1)/5 - -255. Let r be (80/30)/((-2)/t). Let g = 578 + r. What are the prime factors of g?
2, 11
Suppose 188 = -4*y + 180. List the prime factors of (128/(-192))/(y/90).
2, 3, 5
Let x(o) = o**3 + 11*o**2 - 11*o + 12. Let y be x(-12). Suppose -10*a + 0*a + 520 = y. List the prime factors of a.
2, 13
Let u(r) = 1866*r - 760. List the prime factors of u(5).
2, 5, 857
Suppose 2*b + 0*b = 6*b. Let c(f) = b*f + 12 - 2*f - f - 3*f. What are the prime factors of c(-7)?
2, 3
Let w(g) = 14*g**2 - 2*g + 1. Let v be w(1). Suppose 5*u - 93 = -v. What are the prime factors of u - (3 - 6)/(-3)?
3, 5
Suppose -5*q + 4*b = -b + 190, 0 = -5*q - 5*b - 180. Let v = 3 + -24. Let i = v - q. List the prime factors of i.
2
Let a = -2 + 4. Suppose -126*f = -118*f - 32. Suppose f*s - a*s + 518 = 5*v, 2*s = 3*v - 314. What are the prime factors of v?
2, 3, 17
Let y(g) be the second derivative of g**4/12 + 13*g**3/6 - 39*g**2 + 138*g. What are the prime factors of y(-34)?
2, 3, 53
What are the prime factors of ((-576583)/(-1029))/((-2)/(-48))?
2, 41
Let c(f) = -4*f**2 - 11*f - 20. Let r be c(9). Let q = r - -891. What are the prime factors of q?
2, 7
Suppose -4*k + 0 = 2*j + 12, -4*j - 9 = 5*k. Let m(o) = -2*o**2 + 1 - j*o - o**3 - 7*o**2 + 0*o - 4*o**2. What are the prime factors of m(-13)?
